he greatest common divisor of 89573 and 46463.
479
What is the highest common divisor of 49484 and 532092?
556
What is the highest common divisor of 3330 and 26348070?
1110
Calculate the greatest common divisor of 31520262 and 471.
471
What is the greatest common factor of 212 and 103963316?
212
What is the greatest common factor of 88 and 20393904?
8
Calculate the highest common factor of 384292 and 134804.
2012
Calculate the highest common divisor of 7708 and 734884.
164
Calculate the greatest common factor of 155 and 35590697.
31
What is the greatest common divisor of 1589 and 1209683?
227
What is the greatest common factor of 23820112 and 9952?
4976
Calculate the highest common factor of 25985 and 75528001.
5197
What is the greatest common factor of 1316 and 594362?
94
What is the highest common factor of 8811 and 82669697?
979
What is the highest common divisor of 49454 and 28598?
158
What is the greatest common factor of 1111371 and 364989?
4101
Calculate the highest common divisor of 2852784 and 112.
16
What is the highest common divisor of 210 and 51751980?
210
What is the greatest common divisor of 192574 and 228928?
146
Calculate the highest common factor of 2658188 and 2105272.
1612
Calculate the greatest common divisor of 7875 and 21799890.
315
Calculate the greatest common factor of 356412112 and 16.
16
What is the highest common divisor of 39511201 and 9543?
3181
Calculate the greatest common divisor of 25276 and 6836.
4
What is the greatest common factor of 360970 and 26?
2
What is the highest common divisor of 45019 and 1291699?
3463
Calculate the highest common factor of 78 and 256318842.
78
What is the highest common divisor of 3212322 and 18?
6
What is the highest common divisor of 147156690 and 60?
30
What is the greatest common divisor of 2340 and 47749455?
585
Calculate the highest common divisor of 220824276 and 948.
948
What is the highest common factor of 919092 and 121503?
1203
What is the highest common factor of 2007474 and 1218?
42
What is the highest common factor of 32972156 and 483?
161
Calculate the greatest common factor of 2091 and 15911895.
123
Calculate the greatest common divisor of 1126430163 and 17412.
4353
What is the highest common factor of 6245 and 35929983?
1249
What is the highest common factor of 193819 and 179759?
19
Calculate the greatest common divisor of 4747480 and 4680.
40
Calculate the greatest common factor of 1215 and 19407159.
9
What is the highest common divisor of 671580 and 296751?
273
What is the greatest common factor of 7038493 and 1415?
283
What is the greatest common divisor of 1510 and 4495874?
302
What is the greatest common divisor of 9250 and 34034450?
1850
Calculate the greatest common factor of 225 and 113594400.
225
Calculate the greatest common divisor of 34520 and 2011120.
40
Calculate the greatest common factor of 229941 and 41751.
9
What is the greatest common factor of 85950 and 29813190?
5730
What is the greatest common factor of 835 and 272549511?
167
What is the greatest common divisor of 625 and 12576125?
125
Calculate the greatest common factor of 41986 and 13744417.
2999
What is the highest common factor of 35840 and 110820?
20
What is the highest common factor of 330 and 87426240?
330
What is the highest common factor of 395 and 1770690?
5
Calculate the greatest common factor of 8 and 1471742.
2
What is the highest common factor of 911 and 59706029?
911
What is the highest common factor of 5762560 and 745081?
2251
What is the greatest common divisor of 332 and 1071052667?
83
Calculate the highest common factor of 4342 and 9303737.
167
What is the greatest common factor of 31700 and 237200?
100
What is the greatest common divisor of 41551 and 1147?
37
What is the highest common divisor of 3481 and 86730?
59
What is the greatest common factor of 126825740 and 2?
2
Calculate the greatest common divisor of 6258122 and 13842.
1538
What is the highest common divisor of 164385583 and 12171?
4057
What is the highest common factor of 5053 and 372825499?
5053
Calculate the greatest common factor of 208 and 3387896.
8
What is the highest common divisor of 15426 and 2742?
6
What is the greatest common divisor of 101479966 and 65338?
5026
Calculate the greatest common divisor of 35490 and 855330.
210
Calculate the greatest common factor of 90340 and 9320.
20
What is the highest common factor of 5140 and 987840?
20
Calculate the greatest common divisor of 12669695 and 5.
5
Calculate the greatest common divisor of 14 and 1877529703.
7
What is the greatest common divisor of 2935467 and 1334?
667
Calculate the greatest common factor of 9580337 and 25506.
1417
Calculate the greatest common factor of 218160 and 70651520.
8080
What is the highest common factor of 8476 and 5979012?
52
Calculate the highest common divisor of 312 and 404353872.
312
What is the highest common factor of 8139315 and 2850?
285
What is the highest common factor of 406406 and 1147124?
638
Calculate the greatest common factor of 1590 and 5265126.
318
Calculate the greatest common factor of 16491849 and 11055.
2211
Calculate the greatest common factor of 1287 and 1140777.
99
What is the highest common factor of 1569 and 588823734?
1569
Calculate the highest common factor of 911302 and 426496.
1666
Calculate the greatest common divisor of 4147871513 and 59.
59
Calculate the greatest common divisor of 127750908 and 570.
114
What is the highest common divisor of 146202 and 490?
14
What is the highest common factor of 212768 and 8469728?
1952
Calculate the highest common factor of 5554 and 217970.
2
What is the highest common divisor of 3430 and 367130?
10
Calculate the highest common factor of 2770729 and 416.
13
What is the greatest common divisor of 900 and 234661725?
225
What is the greatest common factor of 1974 and 745072482?
1974
Calculate the greatest common divisor of 2638909188 and 293.
293
What is the greatest common divisor of 34397 and 9959495?
3127
Calculate the highest common factor of 452154 and 154086.
2526
Calculate the greatest common divisor of 771950 and 190.
10
Calculate the highest common divisor of 198 and 109956564.
18
Calculate the highest common divisor of 309 and 81430976.
103
What is the highest common factor of 213785 and 20295?
55
What is the greatest common divisor of 250 and 208210250?
250
Calculate the greatest common divisor of 167557 and 689.
13
What is the highest common divisor of 75921459 and 138?
69
What is the greatest common factor of 1210559 and 1407?
7
What is the greatest common divisor of 24 and 149110284?
12
What is the greatest common divisor of 17018 and 98557?
67
What is the highest common divisor of 24876 and 48060?
36
What is the greatest common divisor of 1779 and 29808331?
593
Calculate the greatest common factor of 86 and 212155378.
86
Calculate the greatest common factor of 3536 and 2543216.
208
What is the greatest common divisor of 91196 and 449?
1
What is the greatest common factor of 40242 and 23598?
114
Calculate the greatest common factor of 252636 and 6882.
222
Calculate the highest common divisor of 317655 and 18603.
351
Calculate the highest common factor of 63557902 and 8324.
4162
What is the greatest common divisor of 3621968 and 256?
16
Calculate the greatest common factor of 304691 and 2057.
17
What is the highest common divisor of 142282532 and 560?
28
Calculate the highest common divisor of 2219217 and 6006.
3003
Calculate the highest common divisor of 2817206 and 119952.
1666
What is the highest common factor of 3307 and 127537762?
3307
Calculate the greatest common divisor of 893708 and 39538.
746
Calculate the highest common factor of 92010673 and 57.
19
Calculate the highest common factor of 6517 and 173117.
49
What is the highest common divisor of 1018 and 7597334?
1018
Calculate the highest common divisor of 105271 and 507251.
199
Calculate the highest common divisor of 2703 and 931872.
51
Calculate the highest common factor of 1285907 and 463358.
161
Calculate the highest common factor of 321861 and 459.
51
Calculate the greatest common factor of 426040 and 2020.
20
Calculate the greatest common factor of 499928 and 3217916.
988
What is the highest common divisor of 386933420 and 740?
740
Calculate the highest common divisor of 18